remainder when 357490 is divided by 38.
24
What is the remainder when 14505 is divided by 426?
21
What is the remainder when 12002 is divided by 3923?
233
What is the remainder when 19343 is divided by 24?
23
What is the remainder when 34913 is divided by 406?
403
Calculate the remainder when 3057 is divided by 2763.
294
What is the remainder when 343 is divided by 8?
7
Calculate the remainder when 653 is divided by 243.
167
What is the remainder when 172623 is divided by 86305?
13
Calculate the remainder when 7714 is divided by 53.
29
What is the remainder when 176516 is divided by 32?
4
What is the remainder when 6428 is divided by 565?
213
Calculate the remainder when 5274 is divided by 7.
3
Calculate the remainder when 266934 is divided by 9204.
18
What is the remainder when 28207 is divided by 2557?
80
What is the remainder when 589475 is divided by 196487?
14
Calculate the remainder when 31219 is divided by 183.
109
What is the remainder when 7374 is divided by 119?
115
Calculate the remainder when 6381 is divided by 140.
81
Calculate the remainder when 199765 is divided by 34.
15
What is the remainder when 19644 is divided by 231?
9
What is the remainder when 35483 is divided by 8865?
23
What is the remainder when 213758 is divided by 106862?
34
What is the remainder when 60629 is divided by 372?
365
What is the remainder when 12091 is divided by 59?
55
What is the remainder when 65739 is divided by 169?
167
What is the remainder when 40895 is divided by 65?
10
Calculate the remainder when 1165008 is divided by 119.
117
What is the remainder when 98651 is divided by 12?
11
What is the remainder when 131 is divided by 66?
65
What is the remainder when 38555 is divided by 80?
75
Calculate the remainder when 64103 is divided by 16022.
15
Calculate the remainder when 25330 is divided by 77.
74
Calculate the remainder when 1506009 is divided by 167333.
12
Calculate the remainder when 83554 is divided by 929.
873
Calculate the remainder when 4461 is divided by 3985.
476
Calculate the remainder when 834967 is divided by 232.
231
What is the remainder when 885 is divided by 296?
293
Calculate the remainder when 21727 is divided by 10847.
33
What is the remainder when 101267 is divided by 178?
163
What is the remainder when 2676 is divided by 667?
8
Calculate the remainder when 10188 is divided by 10122.
66
What is the remainder when 953 is divided by 277?
122
Calculate the remainder when 12201 is divided by 22.
13
What is the remainder when 255 is divided by 175?
80
Calculate the remainder when 2718 is divided by 103.
40
Calculate the remainder when 160565 is divided by 8.
5
Calculate the remainder when 201984 is divided by 23.
21
What is the remainder when 8073 is divided by 3?
0
Calculate the remainder when 3231 is divided by 661.
587
Calculate the remainder when 29558 is divided by 176.
166
Calculate the remainder when 14331 is divided by 14228.
103
What is the remainder when 18113 is divided by 1680?
1313
Calculate the remainder when 617 is divided by 244.
129
Calculate the remainder when 36917 is divided by 1601.
94
What is the remainder when 21033 is divided by 3001?
26
What is the remainder when 14098 is divided by 4689?
31
Calculate the remainder when 1649 is divided by 1403.
246
What is the remainder when 8187 is divided by 2?
1
What is the remainder when 1326 is divided by 118?
28
What is the remainder when 55214 is divided by 468?
458
Calculate the remainder when 289 is divided by 135.
19
Calculate the remainder when 522401 is divided by 122.
119
What is the remainder when 15663486 is divided by 79?
77
What is the remainder when 140120 is divided by 1251?
8
Calculate the remainder when 2501 is divided by 12.
5
Calculate the remainder when 102462 is divided by 99.
96
Calculate the remainder when 26891 is divided by 861.
200
Calculate the remainder when 1725 is divided by 45.
15
Calculate the remainder when 6469 is divided by 2830.
809
What is the remainder when 5661 is divided by 666?
333
Calculate the remainder when 5491 is divided by 907.
49
What is the remainder when 1805 is divided by 755?
295
What is the remainder when 197443 is divided by 6168?
67
Calculate the remainder when 323 is divided by 214.
109
What is the remainder when 34287 is divided by 1311?
201
What is the remainder when 190756 is divided by 71?
50
What is the remainder when 38500 is divided by 94?
54
Calculate the remainder when 3576 is divided by 92.
80
What is the remainder when 971 is divided by 87?
14
Calculate the remainder when 1019 is divided by 264.
227
Calculate the remainder when 40822 is divided by 369.
232
What is the remainder when 1275379 is divided by 86?
85
Calculate the remainder when 355077 is divided by 269.
266
What is the remainder when 29094 is divided by 118?
66
Calculate the remainder when 176768 is divided by 110.
108
What is the remainder when 722 is divided by 60?
2
Calculate the remainder when 4026 is divided by 1783.
460
What is the remainder when 1165397 is divided by 446?
445
Calculate the remainder when 3888 is divided by 580.
408
Calculate the remainder when 4512 is divided by 301.
298
What is the remainder when 9013 is divided by 23?
20
What is the remainder when 37041 is divided by 12346?
3
What is the remainder when 4749 is divided by 139?
23
Calculate the remainder when 5078 is divided by 5045.
33
What is the remainder when 4255 is divided by 2100?
55
Calculate the remainder when 4098 is divided by 2581.
1517
Calculate the remainder when 6737 is divided by 99.
5
Calculate the remainder when 4283 is divided by 154.
125
What is the remainder when 11718 is divided by 2584?
1382
Calculate the remainder when 941 is divided by 502.
439
Calculate the remainder when 3957 is divided by 1252.
201
Calculate the remainder when 1299 is divided by 1277.
22
What is the remainder when 715 is divided by 631?
84
Calculate the remainder when 20140 is divided by 544.
12
What is the remainder when 21281 is divided by 266?
1
What is the remainder when 41785 is divided by 60?
25
What is the remainder when 7971 is divided by 3983?
5
Calculate the remainder when 4859 is divided by 4743.
116
Calculate the remainder when 54346 is divided by 18110.
16
What is the remainder when 145883 is divided by 67?
24
What is the remainder when 376180 is divided by 19?
18
What is the remainder when 12853 is divided by 6175?
503
What is the remainder when 774 is divided by 194?
192
Calculate the remainder when 8807 is divided by 5.
2
What is the remainder when 2648 is divided by 141?
110
What is the remainder when 61491 is divided by 500?
491
Calculate the remainder when 2426 is divided by 81.
77
What is the remainder when 181410 is divided by 4?
2
What is the remainder when 55475 is divided by 276?
275
Calculate the remainder when 67272 is divided by 246.
114
Calculate the remainder when 23701 is divided by 11845.
11
Calculate the remainder when 1176 is divided by 384.
24
Calculate the remainder when 88833 is divided by 14.
3
Calculate the remainder when 180354 is divided by 30056.
18
What is the remainder when 5012591 is divided by 116?
115
Calculate the remainder when 10261 is divided by 932.
9
Calculate the remainder when 16849 is divided by 3950.
1049
What is the remainder when 1668 is divided by 9?
3
What is the remainder when 15631 is divided by 3424?
1935
Calculate the remainder when 7971 is divided by 37.
16
What is the remainder when 27941 is divided by 35?
11
Calculate the remainder when 24154 is divided by 24153.
1
What is the remainder when 36034 is divided by 164?
118
Calculate the remainder when 138765 is divided by 34.
11
What is the remainder when 33425 is divided by 36?
17
Calculate the remainder when 17893 is divided by 295.
193
What is the remainder when 10547 is divided by 145?
107
What is the remainder when 49737 is divided by 336?
9
What is the remainder when 2369555 is divided by 849?
845
What is the remainder when 1023 is divided by 755?
268
Calculate the remainder when 18626 is divided by 1303.
384
What is the remainder when 107364 is divided by 14?
12
Calculate the remainder when 72 is divided by 46.
26
What is the remainder when 87936 is divided by 533?
524
What is the remainder when 81697 is divided by 43?
40
Calculate the remainder wh